+ cb6?
bcb
In base 9, what is -250 - -217?
-32
In base 3, what is -1121110 - 10012?
-1201122
In base 11, what is 168707a - -4?
1687083
In base 16, what is 4 - 19678?
-19674
In base 9, what is -4 - 231230?
-231234
In base 10, what is 758 + 12?
770
In base 13, what is -85 + -14b1?
-1566
In base 2, what is -1 - 1101111001011?
-1101111001100
In base 2, what is 101 - -11110000001?
11110000110
In base 15, what is -29 - 1a4?
-1cd
In base 8, what is -1637 + -12?
-1651
In base 15, what is 1d77 - -e?
1d86
In base 5, what is 1210440 + -12?
1210423
In base 2, what is 1 - -1001001100001111?
1001001100010000
In base 2, what is -10010 - -10000000111111?
10000000101101
In base 7, what is -422 - 61503?
-62225
In base 6, what is 400032 - -5?
400041
In base 13, what is 3b - 515?
-4a7
In base 9, what is -23337 + 2?
-23335
In base 9, what is 48245 + -5?
48240
In base 15, what is 3 - -4b19?
4b1c
In base 12, what is 50 - -24b47?
24b97
In base 15, what is 5 - 3870c?
-38707
In base 3, what is 2001222202 - 12001?
2001210201
In base 6, what is 1 + 14143035?
14143040
In base 15, what is 4 + -6bd5?
-6bd1
In base 16, what is 90eb + 52?
913d
In base 6, what is 54555 + -322?
54233
In base 5, what is -14241 + 13?
-14223
In base 12, what is -27a421 - 4?
-27a425
In base 9, what is 551122 - -4?
551126
In base 14, what is -214054 + -5?
-214059
In base 14, what is -1d3 - 44?
-237
In base 10, what is -2571 + 83?
-2488
In base 11, what is 2115 - -232?
2347
In base 16, what is f9d7 + 5?
f9dc
In base 16, what is 2d11db + 3?
2d11de
In base 13, what is 2 + 126b4?
126b6
In base 6, what is -4141 + 10223?
2042
In base 6, what is -10 + 1311311?
1311301
In base 9, what is 6 + 31318?
31325
In base 8, what is 5 - 5451?
-5444
In base 11, what is 6 - 2150?
-2145
In base 9, what is -104 + -58?
-163
In base 3, what is -2012200 + -11102?
-2101002
In base 8, what is 20 + -144706?
-144666
In base 15, what is -19 + c9?
b0
In base 12, what is 18 + 228?
244
In base 16, what is 2370d9 + -5?
2370d4
In base 5, what is 1131 - 203034?
-201403
In base 12, what is 2b51 - -119?
306a
In base 11, what is -3a44 + 3?
-3a41
In base 9, what is -4 + -141026?
-141031
In base 14, what is -23a37 - 11?
-23a48
In base 4, what is -12 + 1012003?
1011331
In base 15, what is -411 + 489?
78
In base 2, what is -11000001011 - 10011110?
-11010101001
In base 9, what is -88556 - 1?
-88557
In base 2, what is 10110 + 11100011011?
11100110001
In base 12, what is -23 + 557?
534
In base 9, what is 22 + -101344?
-101322
In base 10, what is 1083 - -119?
1202
In base 5, what is 440 + 1240?
2230
In base 11, what is 1 - 1a931?
-1a930
In base 16, what is -5 - 326c?
-3271
In base 14, what is 0 + -246231?
-246231
In base 5, what is 104243344 + -2?
104243342
In base 12, what is -b570b + -1?
-b5710
In base 5, what is -2001 - 11121?
-13122
In base 6, what is 15533 + 2430?
22403
In base 3, what is 21 + 20100110?
20100201
In base 5, what is 3024232 - -3?
3024240
In base 6, what is -13 + -121255?
-121312
In base 8, what is -7777 - 45?
-10044
In base 5, what is 1130213 + -1?
1130212
In base 7, what is -64 + -5465?
-5562
In base 12, what is 40 + -343a?
-33ba
In base 11, what is 1 - 316?
-315
In base 4, what is -1101110 - 10?
-1101120
In base 11, what is 4583 - -248?
4820
In base 9, what is -207 + 261?
53
In base 3, what is 2020121200 + -11?
2020121112
In base 10, what is 134 + 2838?
2972
In base 11, what is 4314 + -1?
4313
In base 12, what is -b792 + 5?
-b789
In base 16, what is -f - 2972?
-2981
In base 8, what is -16322 - 12?
-16334
In base 3, what is -110 + -1212?
-2022
In base 11, what is -3301 - -4?
-32a8
In base 7, what is -35451 - -3?
-35445
In base 10, what is 21681 - -5?
21686
In base 9, what is 22 + 13878?
14011
In base 11, what is -897 + 1?
-896
In base 8, what is 1110 - -215?
1325
In base 10, what is -72 - 851?
-923
In base 16, what is -4b780 - 1?
-4b781
In base 16, what is 4f5 - 4d?
4a8
In base 14, what is 551 - 104?
44b
In base 15, what is 5c38 + 4?
5c3c
In base 8, what is -2 - -6606?
6604
In base 11, what is 139 - -11?
14a
In base 4, what is -1121010 - -10?
-1121000
In base 11, what is 7 + 9a512?
9a519
In base 8, what is -1165 + 4665?
3500
In base 10, what is -11485 - -81?
-11404
In base 8, what is -405 + -7212?
-7617
In base 7, what is -1 + -656350?
-656351
In base 15, what is -c79 - 43?
-cbc
In base 11, what is 22282 + 1?
22283
In base 2, what is 10011111110101 + 1010?
10011111111111
In base 7, what is 2 - 11402450?
-11402445
In base 2, what is -1011001010000011000 + -11?
-1011001010000011011
In base 2, what is 1 + -101100001010?
-101100001001
In base 5, what is -203312132 + -3?
-203312140
In base 9, what is 10061 + 2?
10063
In base 2, what is -1110110100101 + 101?
-1110110100000
In base 2, what is -100 - 100100100010100?
-100100100011000
In base 6, what is 200 - -223104?
223304
In base 9, what is -4 + -82013?
-82017
In base 16, what is -dcb8 - -3?
-dcb5
In base 14, what is 1 + 892?
893
In base 5, what is 10 - 44431142?
-44431132
In base 15, what is 3355 + 4?
3359
In base 7, what is 6 + -1325242?
-1325233
In base 6, what is -1222 - -251550?
250324
In base 6, what is -123 - -45155?
45032
In base 11, what is -4 + -8984?
-8988
In base 3, what is -101000 + -102211200?
-110012200
In base 7, what is -16504 + -21?
-16525
In base 11, what is -56003 - 5?
-56008
In base 16, what is -122a + -12b?
-1355
In base 13, what is 27c1 + -2?
27bc
In base 3, what is 0 + 200001101102?
200001101102
In base 4, what is 3230001 + 2?
3230003
In base 4, what is 200012 - 22?
133330
In base 8, what is 74 + -6?
66
In base 8, what is -1376 + 33?
-1343
In base 9, what is 140052 + -3?
140048
In base 2, what is 10001011111001001 - 101001?
10001011110100000
In base 7, what is 425665 + -13?
425652
In base 4, what is 0 - -120213311?
120213311
In base 3, what is -10200011020 + -12?
-10200011102
In base 9, what is -485 - 255?
-751
In base 5, what is 1002 - 303304?
-302302
In base 13, what is -94b - -6?
-945
In base 14, what is -18a700 - -5?
-18a6d9
In base 16, what is 3 + 795?
798
In base 10, what is 5 - -92689?
92694
In base 15, what is -e + 13b9?
13aa
In base 8, what is -4025105 + 0?
-4025105
In base 7, what is 124526 + 10?
124536
In base 5, what is 4 + 31300013?
31300022
In base 7, what is 22526415 - -1?
22526416
In base 15, what is 1a + db0?
dca
In base 13, what is -813 + 5?
-80b
In base 12, what is 35 + -927?
-8b2
In base 16, what is -2 - -189e28?
189e26
In base 12, what is -36 + -69?
-a3
In base 10, what is 424 - -2864?
3288
In base 13, what is -92 - 1c72?
-2034
In base 6, what is 4 + 122434?
122442
In base 11, what is 42 + -92?
-50
In base 16, what is 378829 + 0?
378829
In base 13, what is 135bc + 9?
135c8
In base 13, what is 105 - 4a2a?
-4925
In base 16, what is -23795 - -3?
-23792
In base 10, what is -2968 - 8?
-2976
In base 10, what is 2 + -280?
-278
In base 8, what is 210623 + 5?
210630
In base 12, what is 2b80 + -136?
2a46
In base 15, what is 184 + 261e?
27a3
In base 6, what is -22525 + -515?
-23444
In base 15, what is 242 + 24?
266
In base 11, what is 839 - -1095?
1923
In base 13, what is -bb62a + 4?
-bb626
In base 13, what is 2ab + -27a?
31
In base 16, what is -59bfb7 + -5?
-59bfbc
In base 15, what is 9dec - 1?
9deb
In base 11, what is 5 - 98485?
-98480
In base 6, what is 525141 - -4?
525145
In base 11, what is -1aa + -a?
-209
In base 5, what is 400 - -13?
413
In base 2, what is -110 - -101110000010101?
101110000001111
In base 4, what is -2201 + -2122022?
-2130223
In base 16, what is 9514 + 1d?
9531
In base 4, what is -11 - 121331133?
-121331210
In base 13, what is aca - 981?
149
In base 11, what is 64 - -875?
929
In base 14, what is -169 + 62a?
4a1
In base 14, what is 15 + -21ab?
-2196
In base 10, what is 353 + -595?
-242
In base 12, what is 149 + -190?
-43
In base 3, what is -11002 + -222012?
-1010021
In base 12, what is -7072 + 7?
-7067
In base 3, what is 2000022110 - -201?
2000100011
In base 4, what is -1102 - 112221?
-113323
In base 13, what is 24626 + -5?
24621
In base 13, what is -109 + 3761?
3655
In base 11, what is -4654 + 1?
-4653
In base 8, what is -3133 + 5?
-3126
In base 14, what is -2c2a - 58?
-2c84
In base 14, what is -2226a + -7?
-22273
In base 15, what is 0 + -6842?
-6842
In base 6, what is 1132 + -2103?
-531
In base 4, what is -223 - 301020